late the remainder when 594 is divided by 7.
6
What is the remainder when 4594 is divided by 46?
40
What is the remainder when 402 is divided by 135?
132
Calculate the remainder when 128 is divided by 69.
59
Calculate the remainder when 16 is divided by 6.
4
What is the remainder when 128 is divided by 86?
42
What is the remainder when 148 is divided by 25?
23
What is the remainder when 802 is divided by 76?
42
Calculate the remainder when 1835 is divided by 12.
11
Calculate the remainder when 445 is divided by 145.
10
What is the remainder when 53 is divided by 5?
3
What is the remainder when 63 is divided by 38?
25
What is the remainder when 344 is divided by 16?
8
Calculate the remainder when 623 is divided by 40.
23
Calculate the remainder when 159 is divided by 18.
15
Calculate the remainder when 908 is divided by 61.
54
Calculate the remainder when 173 is divided by 49.
26
Calculate the remainder when 19 is divided by 19.
0
Calculate the remainder when 307 is divided by 75.
7
Calculate the remainder when 123 is divided by 8.
3
What is the remainder when 139 is divided by 30?
19
What is the remainder when 4355 is divided by 12?
11
What is the remainder when 41 is divided by 11?
8
Calculate the remainder when 848 is divided by 71.
67
What is the remainder when 24 is divided by 11?
2
Calculate the remainder when 2736 is divided by 74.
72
Calculate the remainder when 3749 is divided by 10.
9
What is the remainder when 529 is divided by 146?
91
What is the remainder when 3322 is divided by 25?
22
Calculate the remainder when 1347 is divided by 104.
99
Calculate the remainder when 210 is divided by 43.
38
What is the remainder when 324 is divided by 80?
4
What is the remainder when 1597 is divided by 41?
39
Calculate the remainder when 91 is divided by 50.
41
What is the remainder when 807 is divided by 18?
15
Calculate the remainder when 120 is divided by 41.
38
What is the remainder when 839 is divided by 277?
8
Calculate the remainder when 188 is divided by 48.
44
Calculate the remainder when 72 is divided by 5.
2
What is the remainder when 422 is divided by 47?
46
What is the remainder when 66 is divided by 18?
12
Calculate the remainder when 6850 is divided by 39.
25
What is the remainder when 10 is divided by 5?
0
Calculate the remainder when 968 is divided by 12.
8
Calculate the remainder when 278 is divided by 39.
5
What is the remainder when 185 is divided by 10?
5
Calculate the remainder when 5 is divided by 2.
1
Calculate the remainder when 391 is divided by 391.
0
What is the remainder when 232 is divided by 223?
9
Calculate the remainder when 1634 is divided by 35.
24
What is the remainder when 223 is divided by 30?
13
Calculate the remainder when 73 is divided by 26.
21
What is the remainder when 989 is divided by 99?
98
What is the remainder when 298 is divided by 38?
32
Calculate the remainder when 294 is divided by 46.
18
What is the remainder when 7500 is divided by 2500?
0
What is the remainder when 86 is divided by 20?
6
What is the remainder when 30 is divided by 10?
0
What is the remainder when 741 is divided by 173?
49
What is the remainder when 397 is divided by 29?
20
Calculate the remainder when 803 is divided by 35.
33
What is the remainder when 383 is divided by 134?
115
What is the remainder when 774 is divided by 60?
54
Calculate the remainder when 461 is divided by 32.
13
What is the remainder when 1029 is divided by 108?
57
Calculate the remainder when 182 is divided by 7.
0
Calculate the remainder when 1722 is divided by 354.
306
Calculate the remainder when 8598 is divided by 10.
8
Calculate the remainder when 500 is divided by 2.
0
Calculate the remainder when 3263 is divided by 6.
5
What is the remainder when 811 is divided by 37?
34
What is the remainder when 510 is divided by 27?
24
What is the remainder when 371 is divided by 14?
7
Calculate the remainder when 1761 is divided by 41.
39
Calculate the remainder when 1519 is divided by 97.
64
What is the remainder when 486 is divided by 118?
14
Calculate the remainder when 2071 is divided by 29.
12
Calculate the remainder when 239 is divided by 81.
77
Calculate the remainder when 25746 is divided by 125.
121
What is the remainder when 1337 is divided by 153?
113
What is the remainder when 1109 is divided by 376?
357
Calculate the remainder when 201 is divided by 52.
45
What is the remainder when 528 is divided by 59?
56
Calculate the remainder when 64 is divided by 34.
30
What is the remainder when 144 is divided by 100?
44
What is the remainder when 171 is divided by 86?
85
Calculate the remainder when 371 is divided by 185.
1
What is the remainder when 640 is divided by 240?
160
What is the remainder when 11231 is divided by 105?
101
What is the remainder when 379 is divided by 86?
35
What is the remainder when 52 is divided by 20?
12
Calculate the remainder when 873 is divided by 43.
13
Calculate the remainder when 826 is divided by 92.
90
What is the remainder when 85 is divided by 2?
1
Calculate the remainder when 753 is divided by 132.
93
What is the remainder when 315 is divided by 104?
3
What is the remainder when 71 is divided by 52?
19
What is the remainder when 801 is divided by 797?
4
Calculate the remainder when 409 is divided by 40.
9
Calculate the remainder when 2746 is divided by 152.
10
Calculate the remainder when 614 is divided by 56.
54
What is the remainder when 669 is divided by 134?
133
What is the remainder when 48 is divided by 13?
9
What is the remainder when 1749 is divided by 13?
7
What is the remainder when 73 is divided by 24?
1
What is the remainder when 55966 is divided by 106?
104
Calculate the remainder when 195 is divided by 11.
8
What is the remainder when 2090 is divided by 17?
16
What is the remainder when 1382 is divided by 54?
32
What is the remainder when 308 is divided by 8?
4
What is the remainder when 256 is divided by 83?
7
What is the remainder when 691 is divided by 138?
1
What is the remainder when 3418 is divided by 95?
93
What is the remainder when 4513 is divided by 129?
127
What is the remainder when 3474 is divided by 1733?
8
Calculate the remainder when 123 is divided by 7.
4
What is the remainder when 48 is divided by 32?
16
Calculate the remainder when 167 is divided by 14.
13
Calculate the remainder when 2023 is divided by 11.
10
What is the remainder when 1552 is divided by 313?
300
What is the remainder when 159 is divided by 21?
12
Calculate the remainder when 285 is divided by 11.
10
Calculate the remainder when 80 is divided by 17.
12
What is the remainder when 332 is divided by 8?
4
What is the remainder when 651 is divided by 323?
5
Calculate the remainder when 1245 is divided by 26.
23
What is the remainder when 424 is divided by 400?
24
Calculate the remainder when 117 is divided by 10.
7
What is the remainder when 374 is divided by 2?
0
What is the remainder when 951 is divided by 191?
187
What is the remainder when 236 is divided by 46?
6
Calculate the remainder when 477 is divided by 24.
21
What is the remainder when 2857 is divided by 143?
140
What is the remainder when 411 is divided by 59?
57
What is the remainder when 154 is divided by 52?
50
What is the remainder when 2566 is divided by 5?
1
Calculate the remainder when 278 is divided by 20.
18
Calculate the remainder when 937 is divided by 20.
17
What is the remainder when 700 is divided by 78?
76
What is the remainder when 396 is divided by 85?
56
Calculate the remainder when 6818 is divided by 567.
14
Calculate the remainder when 128 is divided by 65.
63
Calculate the remainder when 742 is divided by 371.
0
What is the remainder when 225 is divided by 37?
3
What is the remainder when 991 is divided by 142?
139
What is the remainder when 327 is divided by 33?
30
Calculate the remainder when 157 is divided by 11.
3
Calculate the remainder when 4431 is divided by 6.
3
What is the remainder when 536 is divided by 2?
0
Calculate the remainder when 3851 is divided by 82.
79
Calculate the remainder when 89 is divided by 19.
13
Calculate the remainder when 192 is divided by 73.
46
What is the remainder when 701 is divided by 16?
13
Calculate the remainder when 362 is divided by 113.
23
What is the remainder when 2999 is divided by 94?
